{"id":68,"date":"2026-03-03T10:33:29","date_gmt":"2026-03-03T09:33:29","guid":{"rendered":"https:\/\/site14.monsitecommeunpro.fr\/?page_id=68"},"modified":"2026-03-04T09:26:50","modified_gmt":"2026-03-04T08:26:50","slug":"bouquets-sur-mesure","status":"publish","type":"page","link":"https:\/\/site14.monsitecommeunpro.fr\/?page_id=68","title":{"rendered":"Bouquets sur mesure"},"content":{"rendered":"\n<h2 class=\"wp-block-heading has-text-align-center has-medium-font-size\">Composez votre bouquet et devenez le cr\u00e9ateur.<\/h2>\n\n\n\n<p>Vous s\u00e9lectionnez chaque \u00e9l\u00e9ment de votre bouquet et ensuite nos fleuristes assemblent votre composition avec leur savoir-faire, dans le respect de vos choix. Resultat : Un bouquet unique, imagin\u00e9 par vous.<\/p>\n\n\n\n<p class=\"has-text-align-center has-ast-global-color-3-color has-text-color has-link-color wp-elements-6588bd46516295aba866904bf6fcb011\"><strong>Je choisis ma taille<\/strong><\/p>\n\n\n\n<figure class=\"wp-block-gallery has-nested-images columns-default is-cropped wp-block-gallery-1 is-layout-flex wp-block-gallery-is-layout-flex\">\n<figure class=\"wp-block-image size-large\"><img loading=\"lazy\" decoding=\"async\" width=\"753\" height=\"951\" data-id=\"178\" src=\"https:\/\/site14.monsitecommeunpro.fr\/wp-content\/uploads\/2026\/03\/Capture-decran-2026-03-04-092436.png\" alt=\"\" class=\"wp-image-178\" srcset=\"https:\/\/site14.monsitecommeunpro.fr\/wp-content\/uploads\/2026\/03\/Capture-decran-2026-03-04-092436.png 753w, https:\/\/site14.monsitecommeunpro.fr\/wp-content\/uploads\/2026\/03\/Capture-decran-2026-03-04-092436-238x300.png 238w\" sizes=\"auto, (max-width: 753px) 100vw, 753px\" \/><figcaption class=\"wp-element-caption\"><a href=\"https:\/\/www.bergamotte.fr\/creer-votre-bouquet\/petite-attention-s\"><br>Petite attention S<br>\u00c0 partir de 34,90\u20ac<\/a><\/figcaption><\/figure>\n\n\n\n<figure class=\"wp-block-image size-large\"><img loading=\"lazy\" decoding=\"async\" width=\"751\" height=\"947\" data-id=\"180\" src=\"https:\/\/site14.monsitecommeunpro.fr\/wp-content\/uploads\/2026\/03\/Capture-decran-2026-03-04-092454.png\" alt=\"\" class=\"wp-image-180\" srcset=\"https:\/\/site14.monsitecommeunpro.fr\/wp-content\/uploads\/2026\/03\/Capture-decran-2026-03-04-092454.png 751w, https:\/\/site14.monsitecommeunpro.fr\/wp-content\/uploads\/2026\/03\/Capture-decran-2026-03-04-092454-238x300.png 238w\" sizes=\"auto, (max-width: 751px) 100vw, 751px\" \/><figcaption class=\"wp-element-caption\"><a href=\"https:\/\/www.bergamotte.fr\/creer-votre-bouquet\/belle-attention-m\">Belle attention M<br>\u00c0 partir de 49,90\u20ac<\/a><\/figcaption><\/figure>\n\n\n\n<figure class=\"wp-block-image size-large\"><img loading=\"lazy\" decoding=\"async\" width=\"754\" height=\"946\" data-id=\"179\" src=\"https:\/\/site14.monsitecommeunpro.fr\/wp-content\/uploads\/2026\/03\/Capture-decran-2026-03-04-092518.png\" alt=\"\" class=\"wp-image-179\" srcset=\"https:\/\/site14.monsitecommeunpro.fr\/wp-content\/uploads\/2026\/03\/Capture-decran-2026-03-04-092518.png 754w, https:\/\/site14.monsitecommeunpro.fr\/wp-content\/uploads\/2026\/03\/Capture-decran-2026-03-04-092518-239x300.png 239w\" sizes=\"auto, (max-width: 754px) 100vw, 754px\" \/><figcaption class=\"wp-element-caption\"><a href=\"https:\/\/www.bergamotte.fr\/creer-votre-bouquet\/grande-attention-l\">Grande attention L<br>\u00c0 partir de 69,90\u20ac<\/a><\/figcaption><\/figure>\n<\/figure>\n\n\n\n<p><\/p>\n","protected":false},"excerpt":{"rendered":"<p>Composez votre bouquet et devenez le cr\u00e9ateur. Vous s\u00e9lectionnez chaque \u00e9l\u00e9ment de votre bouquet et ensuite nos fleuristes assemblent votre [&hellip;]<\/p>\n","protected":false},"author":1,"featured_media":0,"parent":0,"menu_order":0,"comment_status":"closed","ping_status":"closed","template":"","meta":{"_uag_custom_page_level_css":"","site-sidebar-layout":"default","site-content-layout":"","ast-site-content-layout":"default","site-content-style":"default","site-sidebar-style":"default","ast-global-header-display":"","ast-banner-title-visibility":"","ast-main-header-display":"","ast-hfb-above-header-display":"","ast-hfb-below-header-display":"","ast-hfb-mobile-header-display":"","site-post-title":"","ast-breadcrumbs-content":"","ast-featured-img":"","footer-sml-layout":"","theme-transparent-header-meta":"","adv-header-id-meta":"","stick-header-meta":"","header-above-stick-meta":"","header-main-stick-meta":"","header-below-stick-meta":"","astra-migrate-meta-layouts":"default","ast-page-background-enabled":"default","ast-page-background-meta":{"desktop":{"background-color":"var(--ast-global-color-5)","background-image":"","background-repeat":"repeat","background-position":"center center","background-size":"auto","background-attachment":"scroll","background-type":"","background-media":"","overlay-type":"","overlay-color":"","overlay-opacity":"","overlay-gradient":""},"tablet":{"background-color":"","background-image":"","background-repeat":"repeat","background-position":"center center","background-size":"auto","background-attachment":"scroll","background-type":"","background-media":"","overlay-type":"","overlay-color":"","overlay-opacity":"","overlay-gradient":""},"mobile":{"background-color":"","background-image":"","background-repeat":"repeat","background-position":"center center","background-size":"auto","background-attachment":"scroll","background-type":"","background-media":"","overlay-type":"","overlay-color":"","overlay-opacity":"","overlay-gradient":""}},"ast-content-background-meta":{"desktop":{"background-color":"var(--ast-global-color-4)","background-image":"","background-repeat":"repeat","background-position":"center center","background-size":"auto","background-attachment":"scroll","background-type":"","background-media":"","overlay-type":"","overlay-color":"","overlay-opacity":"","overlay-gradient":""},"tablet":{"background-color":"var(--ast-global-color-4)","background-image":"","background-repeat":"repeat","background-position":"center center","background-size":"auto","background-attachment":"scroll","background-type":"","background-media":"","overlay-type":"","overlay-color":"","overlay-opacity":"","overlay-gradient":""},"mobile":{"background-color":"var(--ast-global-color-4)","background-image":"","background-repeat":"repeat","background-position":"center center","background-size":"auto","background-attachment":"scroll","background-type":"","background-media":"","overlay-type":"","overlay-color":"","overlay-opacity":"","overlay-gradient":""}},"footnotes":""},"class_list":["post-68","page","type-page","status-publish","hentry"],"yoast_head":"<!-- This site is optimized with the Yoast SEO plugin v27.0 - https:\/\/yoast.com\/product\/yoast-seo-wordpress\/ -->\n<title>Bouquets sur mesure -<\/title>\n<meta name=\"robots\" content=\"index, follow, max-snippet:-1, max-image-preview:large, max-video-preview:-1\" \/>\n<link rel=\"canonical\" href=\"https:\/\/site14.monsitecommeunpro.fr\/?page_id=68\" \/>\n<meta property=\"og:locale\" content=\"fr_FR\" \/>\n<meta property=\"og:type\" content=\"article\" \/>\n<meta property=\"og:title\" content=\"Bouquets sur mesure -\" \/>\n<meta property=\"og:description\" content=\"Composez votre bouquet et devenez le cr\u00e9ateur. Vous s\u00e9lectionnez chaque \u00e9l\u00e9ment de votre bouquet et ensuite nos fleuristes assemblent votre [&hellip;]\" \/>\n<meta property=\"og:url\" content=\"https:\/\/site14.monsitecommeunpro.fr\/?page_id=68\" \/>\n<meta property=\"article:modified_time\" content=\"2026-03-04T08:26:50+00:00\" \/>\n<meta property=\"og:image\" content=\"https:\/\/site14.monsitecommeunpro.fr\/wp-content\/uploads\/2026\/03\/Capture-decran-2026-03-04-092436.png\" \/>\n\t<meta property=\"og:image:width\" content=\"753\" \/>\n\t<meta property=\"og:image:height\" content=\"951\" \/>\n\t<meta property=\"og:image:type\" content=\"image\/png\" \/>\n<meta name=\"twitter:card\" content=\"summary_large_image\" \/>\n<script type=\"application\/ld+json\" class=\"yoast-schema-graph\">{\"@context\":\"https:\/\/schema.org\",\"@graph\":[{\"@type\":\"WebPage\",\"@id\":\"https:\/\/site14.monsitecommeunpro.fr\/?page_id=68\",\"url\":\"https:\/\/site14.monsitecommeunpro.fr\/?page_id=68\",\"name\":\"Bouquets sur mesure -\",\"isPartOf\":{\"@id\":\"https:\/\/site14.monsitecommeunpro.fr\/#website\"},\"primaryImageOfPage\":{\"@id\":\"https:\/\/site14.monsitecommeunpro.fr\/?page_id=68#primaryimage\"},\"image\":{\"@id\":\"https:\/\/site14.monsitecommeunpro.fr\/?page_id=68#primaryimage\"},\"thumbnailUrl\":\"https:\/\/site14.monsitecommeunpro.fr\/wp-content\/uploads\/2026\/03\/Capture-decran-2026-03-04-092436.png\",\"datePublished\":\"2026-03-03T09:33:29+00:00\",\"dateModified\":\"2026-03-04T08:26:50+00:00\",\"breadcrumb\":{\"@id\":\"https:\/\/site14.monsitecommeunpro.fr\/?page_id=68#breadcrumb\"},\"inLanguage\":\"fr-FR\",\"potentialAction\":[{\"@type\":\"ReadAction\",\"target\":[\"https:\/\/site14.monsitecommeunpro.fr\/?page_id=68\"]}]},{\"@type\":\"ImageObject\",\"inLanguage\":\"fr-FR\",\"@id\":\"https:\/\/site14.monsitecommeunpro.fr\/?page_id=68#primaryimage\",\"url\":\"https:\/\/site14.monsitecommeunpro.fr\/wp-content\/uploads\/2026\/03\/Capture-decran-2026-03-04-092436.png\",\"contentUrl\":\"https:\/\/site14.monsitecommeunpro.fr\/wp-content\/uploads\/2026\/03\/Capture-decran-2026-03-04-092436.png\",\"width\":753,\"height\":951},{\"@type\":\"BreadcrumbList\",\"@id\":\"https:\/\/site14.monsitecommeunpro.fr\/?page_id=68#breadcrumb\",\"itemListElement\":[{\"@type\":\"ListItem\",\"position\":1,\"name\":\"Accueil\",\"item\":\"https:\/\/site14.monsitecommeunpro.fr\/\"},{\"@type\":\"ListItem\",\"position\":2,\"name\":\"Bouquets sur mesure\"}]},{\"@type\":\"WebSite\",\"@id\":\"https:\/\/site14.monsitecommeunpro.fr\/#website\",\"url\":\"https:\/\/site14.monsitecommeunpro.fr\/\",\"name\":\"\",\"description\":\"\",\"potentialAction\":[{\"@type\":\"SearchAction\",\"target\":{\"@type\":\"EntryPoint\",\"urlTemplate\":\"https:\/\/site14.monsitecommeunpro.fr\/?s={search_term_string}\"},\"query-input\":{\"@type\":\"PropertyValueSpecification\",\"valueRequired\":true,\"valueName\":\"search_term_string\"}}],\"inLanguage\":\"fr-FR\"}]}<\/script>\n<!-- \/ Yoast SEO plugin. -->","yoast_head_json":{"title":"Bouquets sur mesure -","robots":{"index":"index","follow":"follow","max-snippet":"max-snippet:-1","max-image-preview":"max-image-preview:large","max-video-preview":"max-video-preview:-1"},"canonical":"https:\/\/site14.monsitecommeunpro.fr\/?page_id=68","og_locale":"fr_FR","og_type":"article","og_title":"Bouquets sur mesure -","og_description":"Composez votre bouquet et devenez le cr\u00e9ateur. Vous s\u00e9lectionnez chaque \u00e9l\u00e9ment de votre bouquet et ensuite nos fleuristes assemblent votre [&hellip;]","og_url":"https:\/\/site14.monsitecommeunpro.fr\/?page_id=68","article_modified_time":"2026-03-04T08:26:50+00:00","og_image":[{"width":753,"height":951,"url":"https:\/\/site14.monsitecommeunpro.fr\/wp-content\/uploads\/2026\/03\/Capture-decran-2026-03-04-092436.png","type":"image\/png"}],"twitter_card":"summary_large_image","schema":{"@context":"https:\/\/schema.org","@graph":[{"@type":"WebPage","@id":"https:\/\/site14.monsitecommeunpro.fr\/?page_id=68","url":"https:\/\/site14.monsitecommeunpro.fr\/?page_id=68","name":"Bouquets sur mesure -","isPartOf":{"@id":"https:\/\/site14.monsitecommeunpro.fr\/#website"},"primaryImageOfPage":{"@id":"https:\/\/site14.monsitecommeunpro.fr\/?page_id=68#primaryimage"},"image":{"@id":"https:\/\/site14.monsitecommeunpro.fr\/?page_id=68#primaryimage"},"thumbnailUrl":"https:\/\/site14.monsitecommeunpro.fr\/wp-content\/uploads\/2026\/03\/Capture-decran-2026-03-04-092436.png","datePublished":"2026-03-03T09:33:29+00:00","dateModified":"2026-03-04T08:26:50+00:00","breadcrumb":{"@id":"https:\/\/site14.monsitecommeunpro.fr\/?page_id=68#breadcrumb"},"inLanguage":"fr-FR","potentialAction":[{"@type":"ReadAction","target":["https:\/\/site14.monsitecommeunpro.fr\/?page_id=68"]}]},{"@type":"ImageObject","inLanguage":"fr-FR","@id":"https:\/\/site14.monsitecommeunpro.fr\/?page_id=68#primaryimage","url":"https:\/\/site14.monsitecommeunpro.fr\/wp-content\/uploads\/2026\/03\/Capture-decran-2026-03-04-092436.png","contentUrl":"https:\/\/site14.monsitecommeunpro.fr\/wp-content\/uploads\/2026\/03\/Capture-decran-2026-03-04-092436.png","width":753,"height":951},{"@type":"BreadcrumbList","@id":"https:\/\/site14.monsitecommeunpro.fr\/?page_id=68#breadcrumb","itemListElement":[{"@type":"ListItem","position":1,"name":"Accueil","item":"https:\/\/site14.monsitecommeunpro.fr\/"},{"@type":"ListItem","position":2,"name":"Bouquets sur mesure"}]},{"@type":"WebSite","@id":"https:\/\/site14.monsitecommeunpro.fr\/#website","url":"https:\/\/site14.monsitecommeunpro.fr\/","name":"","description":"","potentialAction":[{"@type":"SearchAction","target":{"@type":"EntryPoint","urlTemplate":"https:\/\/site14.monsitecommeunpro.fr\/?s={search_term_string}"},"query-input":{"@type":"PropertyValueSpecification","valueRequired":true,"valueName":"search_term_string"}}],"inLanguage":"fr-FR"}]}},"uagb_featured_image_src":{"full":false,"thumbnail":false,"medium":false,"medium_large":false,"large":false,"1536x1536":false,"2048x2048":false},"uagb_author_info":{"display_name":"admin","author_link":"https:\/\/site14.monsitecommeunpro.fr\/?author=1"},"uagb_comment_info":0,"uagb_excerpt":"Composez votre bouquet et devenez le cr\u00e9ateur. Vous s\u00e9lectionnez chaque \u00e9l\u00e9ment de votre bouquet et ensuite nos fleuristes assemblent votre [&hellip;]","_links":{"self":[{"href":"https:\/\/site14.monsitecommeunpro.fr\/index.php?rest_route=\/wp\/v2\/pages\/68","targetHints":{"allow":["GET"]}}],"collection":[{"href":"https:\/\/site14.monsitecommeunpro.fr\/index.php?rest_route=\/wp\/v2\/pages"}],"about":[{"href":"https:\/\/site14.monsitecommeunpro.fr\/index.php?rest_route=\/wp\/v2\/types\/page"}],"author":[{"embeddable":true,"href":"https:\/\/site14.monsitecommeunpro.fr\/index.php?rest_route=\/wp\/v2\/users\/1"}],"replies":[{"embeddable":true,"href":"https:\/\/site14.monsitecommeunpro.fr\/index.php?rest_route=%2Fwp%2Fv2%2Fcomments&post=68"}],"version-history":[{"count":4,"href":"https:\/\/site14.monsitecommeunpro.fr\/index.php?rest_route=\/wp\/v2\/pages\/68\/revisions"}],"predecessor-version":[{"id":181,"href":"https:\/\/site14.monsitecommeunpro.fr\/index.php?rest_route=\/wp\/v2\/pages\/68\/revisions\/181"}],"wp:attachment":[{"href":"https:\/\/site14.monsitecommeunpro.fr\/index.php?rest_route=%2Fwp%2Fv2%2Fmedia&parent=68"}],"curies":[{"name":"wp","href":"https:\/\/api.w.org\/{rel}","templated":true}]}}

<h2 class="wp-block-heading has-text-align-center has-medium-font-size">Composez votre bouquet et devenez le créateur.</h2>



<p>Vous sélectionnez chaque élément de votre bouquet et ensuite nos fleuristes assemblent votre composition avec leur savoir-faire, dans le respect de vos choix. Resultat : Un bouquet unique, imaginé par vous.</p>



<p class="has-text-align-center has-ast-global-color-3-color has-text-color has-link-color wp-elements-6588bd46516295aba866904bf6fcb011"><strong>Je choisis ma taille</strong></p>



<figure class="wp-block-gallery has-nested-images columns-default is-cropped wp-block-gallery-1 is-layout-flex wp-block-gallery-is-layout-flex">
<figure class="wp-block-image size-large"><img loading="lazy" decoding="async" width="753" height="951" data-id="178" src="https://site14.monsitecommeunpro.fr/wp-content/uploads/2026/03/Capture-decran-2026-03-04-092436.png" alt="" class="wp-image-178" srcset="https://site14.monsitecommeunpro.fr/wp-content/uploads/2026/03/Capture-decran-2026-03-04-092436.png 753w, https://site14.monsitecommeunpro.fr/wp-content/uploads/2026/03/Capture-decran-2026-03-04-092436-238x300.png 238w" sizes="auto, (max-width: 753px) 100vw, 753px" /><figcaption class="wp-element-caption"><a href="https://www.bergamotte.fr/creer-votre-bouquet/petite-attention-s"><br>Petite attention S<br>À partir de 34,90€</a></figcaption></figure>



<figure class="wp-block-image size-large"><img loading="lazy" decoding="async" width="751" height="947" data-id="180" src="https://site14.monsitecommeunpro.fr/wp-content/uploads/2026/03/Capture-decran-2026-03-04-092454.png" alt="" class="wp-image-180" srcset="https://site14.monsitecommeunpro.fr/wp-content/uploads/2026/03/Capture-decran-2026-03-04-092454.png 751w, https://site14.monsitecommeunpro.fr/wp-content/uploads/2026/03/Capture-decran-2026-03-04-092454-238x300.png 238w" sizes="auto, (max-width: 751px) 100vw, 751px" /><figcaption class="wp-element-caption"><a href="https://www.bergamotte.fr/creer-votre-bouquet/belle-attention-m">Belle attention M<br>À partir de 49,90€</a></figcaption></figure>



<figure class="wp-block-image size-large"><img loading="lazy" decoding="async" width="754" height="946" data-id="179" src="https://site14.monsitecommeunpro.fr/wp-content/uploads/2026/03/Capture-decran-2026-03-04-092518.png" alt="" class="wp-image-179" srcset="https://site14.monsitecommeunpro.fr/wp-content/uploads/2026/03/Capture-decran-2026-03-04-092518.png 754w, https://site14.monsitecommeunpro.fr/wp-content/uploads/2026/03/Capture-decran-2026-03-04-092518-239x300.png 239w" sizes="auto, (max-width: 754px) 100vw, 754px" /><figcaption class="wp-element-caption"><a href="https://www.bergamotte.fr/creer-votre-bouquet/grande-attention-l">Grande attention L<br>À partir de 69,90€</a></figcaption></figure>
</figure>



<p></p>

<p>Composez votre bouquet et devenez le créateur. Vous sélectionnez chaque élément de votre bouquet et ensuite nos fleuristes assemblent votre [&hellip;]</p>

<!-- This site is optimized with the Yoast SEO plugin v27.0 - https://yoast.com/product/yoast-seo-wordpress/ -->
<title>Bouquets sur mesure -</title>
<meta name="robots" content="index, follow, max-snippet:-1, max-image-preview:large, max-video-preview:-1" />
<link rel="canonical" href="https://site14.monsitecommeunpro.fr/?page_id=68" />
<meta property="og:locale" content="fr_FR" />
<meta property="og:type" content="article" />
<meta property="og:title" content="Bouquets sur mesure -" />
<meta property="og:description" content="Composez votre bouquet et devenez le créateur. Vous sélectionnez chaque élément de votre bouquet et ensuite nos fleuristes assemblent votre [&hellip;]" />
<meta property="og:url" content="https://site14.monsitecommeunpro.fr/?page_id=68" />
<meta property="article:modified_time" content="2026-03-04T08:26:50+00:00" />
<meta property="og:image" content="https://site14.monsitecommeunpro.fr/wp-content/uploads/2026/03/Capture-decran-2026-03-04-092436.png" />
	<meta property="og:image:width" content="753" />
	<meta property="og:image:height" content="951" />
	<meta property="og:image:type" content="image/png" />
<meta name="twitter:card" content="summary_large_image" />
<script type="application/ld+json" class="yoast-schema-graph">{"@context":"https://schema.org","@graph":[{"@type":"WebPage","@id":"https://site14.monsitecommeunpro.fr/?page_id=68","url":"https://site14.monsitecommeunpro.fr/?page_id=68","name":"Bouquets sur mesure -","isPartOf":{"@id":"https://site14.monsitecommeunpro.fr/#website"},"primaryImageOfPage":{"@id":"https://site14.monsitecommeunpro.fr/?page_id=68#primaryimage"},"image":{"@id":"https://site14.monsitecommeunpro.fr/?page_id=68#primaryimage"},"thumbnailUrl":"https://site14.monsitecommeunpro.fr/wp-content/uploads/2026/03/Capture-decran-2026-03-04-092436.png","datePublished":"2026-03-03T09:33:29+00:00","dateModified":"2026-03-04T08:26:50+00:00","breadcrumb":{"@id":"https://site14.monsitecommeunpro.fr/?page_id=68#breadcrumb"},"inLanguage":"fr-FR","potentialAction":[{"@type":"ReadAction","target":["https://site14.monsitecommeunpro.fr/?page_id=68"]}]},{"@type":"ImageObject","inLanguage":"fr-FR","@id":"https://site14.monsitecommeunpro.fr/?page_id=68#primaryimage","url":"https://site14.monsitecommeunpro.fr/wp-content/uploads/2026/03/Capture-decran-2026-03-04-092436.png","contentUrl":"https://site14.monsitecommeunpro.fr/wp-content/uploads/2026/03/Capture-decran-2026-03-04-092436.png","width":753,"height":951},{"@type":"BreadcrumbList","@id":"https://site14.monsitecommeunpro.fr/?page_id=68#breadcrumb","itemListElement":[{"@type":"ListItem","position":1,"name":"Accueil","item":"https://site14.monsitecommeunpro.fr/"},{"@type":"ListItem","position":2,"name":"Bouquets sur mesure"}]},{"@type":"WebSite","@id":"https://site14.monsitecommeunpro.fr/#website","url":"https://site14.monsitecommeunpro.fr/","name":"","description":"","potentialAction":[{"@type":"SearchAction","target":{"@type":"EntryPoint","urlTemplate":"https://site14.monsitecommeunpro.fr/?s={search_term_string}"},"query-input":{"@type":"PropertyValueSpecification","valueRequired":true,"valueName":"search_term_string"}}],"inLanguage":"fr-FR"}]}</script>
<!-- / Yoast SEO plugin. -->

Composez votre bouquet et devenez le créateur. Vous sélectionnez chaque élément de votre bouquet et ensuite nos fleuristes assemblent votre [&hellip;]
