{"id":45,"date":"2026-03-02T09:46:30","date_gmt":"2026-03-02T08:46:30","guid":{"rendered":"https:\/\/site14.monsitecommeunpro.fr\/?page_id=45"},"modified":"2026-03-23T13:58:07","modified_gmt":"2026-03-23T12:58:07","slug":"cadeaux","status":"publish","type":"page","link":"https:\/\/site14.monsitecommeunpro.fr\/?page_id=45","title":{"rendered":"Cadeaux"},"content":{"rendered":"\n<p>Nous avons une grande nouvelle\u2026 Ici, vous allez pouvoir devenir ce proche qui a toujours les meilleures id\u00e9es cadeaux. Anniversaires, remerciements, naissances, fian\u00e7ailles\u2026 \u00c0 la question \u201cquel cadeau offrir ?\u201d, nos coffrets cadeaux seront d\u00e9sormais votre r\u00e9ponse pr\u00e9f\u00e9r\u00e9e ! Coffret Tea Time, coffret Parfum\u00e9, coffret Ap\u00e9ro\u2026 que vous cherchiez un \u00abcadeau homme\u00bb, \u00abcadeau femme\u00bb, \u00abcadeau inoubliable\u00bb, nos coffrets cr\u00e9ations sont pens\u00e9s pour \u00eatre la surprise infaillible. Celle qui nous donne envie d\u2019\u00e9crire \u201d\u00e9motion\u201d au pluriel ! Ps : champagne Laurent Perrier, oursons en chocolat sign\u00e9s Un \u00c9clair de G\u00e9nie, th\u00e9 Kusmi Tea, produits du terroir\u2026 Dans nos coffrets, vous trouverez le meilleur, et seulement le meilleur.<\/p>\n\n\n\n<figure class=\"wp-block-gallery has-nested-images columns-default is-cropped wp-block-gallery-1 is-layout-flex wp-block-gallery-is-layout-flex\">\n<figure class=\"wp-block-image size-large\"><img loading=\"lazy\" decoding=\"async\" width=\"626\" height=\"789\" data-id=\"207\" src=\"https:\/\/site14.monsitecommeunpro.fr\/wp-content\/uploads\/2026\/03\/Capture-decran-2026-03-10-082214.png\" alt=\"\" class=\"wp-image-207\" srcset=\"https:\/\/site14.monsitecommeunpro.fr\/wp-content\/uploads\/2026\/03\/Capture-decran-2026-03-10-082214.png 626w, https:\/\/site14.monsitecommeunpro.fr\/wp-content\/uploads\/2026\/03\/Capture-decran-2026-03-10-082214-238x300.png 238w\" sizes=\"auto, (max-width: 626px) 100vw, 626px\" \/><figcaption class=\"wp-element-caption\"><a href=\"https:\/\/www.bergamotte.fr\/livraison-accessoires\/coffret-petillant\">Coffret P\u00e9tillant<br>\u00c0 partir de\u00a062,90\u20ac<\/a><\/figcaption><\/figure>\n\n\n\n<figure class=\"wp-block-image size-large\"><img loading=\"lazy\" decoding=\"async\" width=\"629\" height=\"792\" data-id=\"208\" src=\"https:\/\/site14.monsitecommeunpro.fr\/wp-content\/uploads\/2026\/03\/Capture-decran-2026-03-10-082236.png\" alt=\"\" class=\"wp-image-208\" srcset=\"https:\/\/site14.monsitecommeunpro.fr\/wp-content\/uploads\/2026\/03\/Capture-decran-2026-03-10-082236.png 629w, https:\/\/site14.monsitecommeunpro.fr\/wp-content\/uploads\/2026\/03\/Capture-decran-2026-03-10-082236-238x300.png 238w\" sizes=\"auto, (max-width: 629px) 100vw, 629px\" \/><figcaption class=\"wp-element-caption\"><a href=\"https:\/\/www.bergamotte.fr\/livraison-accessoires\/coffret-fleuri\">Coffret Fleuri<br>\u00c0 partir de\u00a059,90\u20ac<\/a><\/figcaption><\/figure>\n\n\n\n<figure class=\"wp-block-image size-large\"><img loading=\"lazy\" decoding=\"async\" width=\"629\" height=\"788\" data-id=\"206\" src=\"https:\/\/site14.monsitecommeunpro.fr\/wp-content\/uploads\/2026\/03\/Capture-decran-2026-03-10-082300.png\" alt=\"\" class=\"wp-image-206\" srcset=\"https:\/\/site14.monsitecommeunpro.fr\/wp-content\/uploads\/2026\/03\/Capture-decran-2026-03-10-082300.png 629w, https:\/\/site14.monsitecommeunpro.fr\/wp-content\/uploads\/2026\/03\/Capture-decran-2026-03-10-082300-239x300.png 239w\" sizes=\"auto, (max-width: 629px) 100vw, 629px\" \/><figcaption class=\"wp-element-caption\"><a href=\"https:\/\/www.bergamotte.fr\/livraison-accessoires\/coffret-naissance\">Coffret Naissance<br>\u00c0 partir de\u00a079,90\u20ac<\/a><\/figcaption><\/figure>\n<\/figure>\n","protected":false},"excerpt":{"rendered":"<p>Nous avons une grande nouvelle\u2026 Ici, vous allez pouvoir devenir ce proche qui a toujours les meilleures id\u00e9es cadeaux. Anniversaires, [&hellip;]<\/p>\n","protected":false},"author":1,"featured_media":0,"parent":0,"menu_order":0,"comment_status":"closed","ping_status":"closed","template":"","meta":{"_uag_custom_page_level_css":"","site-sidebar-layout":"default","site-content-layout":"","ast-site-content-layout":"default","site-content-style":"default","site-sidebar-style":"default","ast-global-header-display":"","ast-banner-title-visibility":"","ast-main-header-display":"","ast-hfb-above-header-display":"","ast-hfb-below-header-display":"","ast-hfb-mobile-header-display":"","site-post-title":"disabled","ast-breadcrumbs-content":"","ast-featured-img":"","footer-sml-layout":"","theme-transparent-header-meta":"","adv-header-id-meta":"","stick-header-meta":"","header-above-stick-meta":"","header-main-stick-meta":"","header-below-stick-meta":"","astra-migrate-meta-layouts":"default","ast-page-background-enabled":"default","ast-page-background-meta":{"desktop":{"background-color":"var(--ast-global-color-5)","background-image":"","background-repeat":"repeat","background-position":"center center","background-size":"auto","background-attachment":"scroll","background-type":"","background-media":"","overlay-type":"","overlay-color":"","overlay-opacity":"","overlay-gradient":""},"tablet":{"background-color":"","background-image":"","background-repeat":"repeat","background-position":"center center","background-size":"auto","background-attachment":"scroll","background-type":"","background-media":"","overlay-type":"","overlay-color":"","overlay-opacity":"","overlay-gradient":""},"mobile":{"background-color":"","background-image":"","background-repeat":"repeat","background-position":"center center","background-size":"auto","background-attachment":"scroll","background-type":"","background-media":"","overlay-type":"","overlay-color":"","overlay-opacity":"","overlay-gradient":""}},"ast-content-background-meta":{"desktop":{"background-color":"var(--ast-global-color-4)","background-image":"","background-repeat":"repeat","background-position":"center center","background-size":"auto","background-attachment":"scroll","background-type":"","background-media":"","overlay-type":"","overlay-color":"","overlay-opacity":"","overlay-gradient":""},"tablet":{"background-color":"var(--ast-global-color-4)","background-image":"","background-repeat":"repeat","background-position":"center center","background-size":"auto","background-attachment":"scroll","background-type":"","background-media":"","overlay-type":"","overlay-color":"","overlay-opacity":"","overlay-gradient":""},"mobile":{"background-color":"var(--ast-global-color-4)","background-image":"","background-repeat":"repeat","background-position":"center center","background-size":"auto","background-attachment":"scroll","background-type":"","background-media":"","overlay-type":"","overlay-color":"","overlay-opacity":"","overlay-gradient":""}},"footnotes":""},"class_list":["post-45","page","type-page","status-publish","hentry"],"yoast_head":"<!-- This site is optimized with the Yoast SEO plugin v27.0 - https:\/\/yoast.com\/product\/yoast-seo-wordpress\/ -->\n<title>Cadeaux -<\/title>\n<meta name=\"robots\" content=\"index, follow, max-snippet:-1, max-image-preview:large, max-video-preview:-1\" \/>\n<link rel=\"canonical\" href=\"https:\/\/site14.monsitecommeunpro.fr\/?page_id=45\" \/>\n<meta property=\"og:locale\" content=\"fr_FR\" \/>\n<meta property=\"og:type\" content=\"article\" \/>\n<meta property=\"og:title\" content=\"Cadeaux -\" \/>\n<meta property=\"og:description\" content=\"Nous avons une grande nouvelle\u2026 Ici, vous allez pouvoir devenir ce proche qui a toujours les meilleures id\u00e9es cadeaux. Anniversaires, [&hellip;]\" \/>\n<meta property=\"og:url\" content=\"https:\/\/site14.monsitecommeunpro.fr\/?page_id=45\" \/>\n<meta property=\"article:modified_time\" content=\"2026-03-23T12:58:07+00:00\" \/>\n<meta property=\"og:image\" content=\"https:\/\/site14.monsitecommeunpro.fr\/wp-content\/uploads\/2026\/03\/Capture-decran-2026-03-10-082214.png\" \/>\n\t<meta property=\"og:image:width\" content=\"626\" \/>\n\t<meta property=\"og:image:height\" content=\"789\" \/>\n\t<meta property=\"og:image:type\" content=\"image\/png\" \/>\n<meta name=\"twitter:card\" content=\"summary_large_image\" \/>\n<meta name=\"twitter:label1\" content=\"Dur\u00e9e de lecture estim\u00e9e\" \/>\n\t<meta name=\"twitter:data1\" content=\"1 minute\" \/>\n<script type=\"application\/ld+json\" class=\"yoast-schema-graph\">{\"@context\":\"https:\/\/schema.org\",\"@graph\":[{\"@type\":\"WebPage\",\"@id\":\"https:\/\/site14.monsitecommeunpro.fr\/?page_id=45\",\"url\":\"https:\/\/site14.monsitecommeunpro.fr\/?page_id=45\",\"name\":\"Cadeaux -\",\"isPartOf\":{\"@id\":\"https:\/\/site14.monsitecommeunpro.fr\/#website\"},\"primaryImageOfPage\":{\"@id\":\"https:\/\/site14.monsitecommeunpro.fr\/?page_id=45#primaryimage\"},\"image\":{\"@id\":\"https:\/\/site14.monsitecommeunpro.fr\/?page_id=45#primaryimage\"},\"thumbnailUrl\":\"https:\/\/site14.monsitecommeunpro.fr\/wp-content\/uploads\/2026\/03\/Capture-decran-2026-03-10-082214.png\",\"datePublished\":\"2026-03-02T08:46:30+00:00\",\"dateModified\":\"2026-03-23T12:58:07+00:00\",\"breadcrumb\":{\"@id\":\"https:\/\/site14.monsitecommeunpro.fr\/?page_id=45#breadcrumb\"},\"inLanguage\":\"fr-FR\",\"potentialAction\":[{\"@type\":\"ReadAction\",\"target\":[\"https:\/\/site14.monsitecommeunpro.fr\/?page_id=45\"]}]},{\"@type\":\"ImageObject\",\"inLanguage\":\"fr-FR\",\"@id\":\"https:\/\/site14.monsitecommeunpro.fr\/?page_id=45#primaryimage\",\"url\":\"https:\/\/site14.monsitecommeunpro.fr\/wp-content\/uploads\/2026\/03\/Capture-decran-2026-03-10-082214.png\",\"contentUrl\":\"https:\/\/site14.monsitecommeunpro.fr\/wp-content\/uploads\/2026\/03\/Capture-decran-2026-03-10-082214.png\",\"width\":626,\"height\":789},{\"@type\":\"BreadcrumbList\",\"@id\":\"https:\/\/site14.monsitecommeunpro.fr\/?page_id=45#breadcrumb\",\"itemListElement\":[{\"@type\":\"ListItem\",\"position\":1,\"name\":\"Accueil\",\"item\":\"https:\/\/site14.monsitecommeunpro.fr\/\"},{\"@type\":\"ListItem\",\"position\":2,\"name\":\"Cadeaux\"}]},{\"@type\":\"WebSite\",\"@id\":\"https:\/\/site14.monsitecommeunpro.fr\/#website\",\"url\":\"https:\/\/site14.monsitecommeunpro.fr\/\",\"name\":\"\",\"description\":\"\",\"potentialAction\":[{\"@type\":\"SearchAction\",\"target\":{\"@type\":\"EntryPoint\",\"urlTemplate\":\"https:\/\/site14.monsitecommeunpro.fr\/?s={search_term_string}\"},\"query-input\":{\"@type\":\"PropertyValueSpecification\",\"valueRequired\":true,\"valueName\":\"search_term_string\"}}],\"inLanguage\":\"fr-FR\"}]}<\/script>\n<!-- \/ Yoast SEO plugin. -->","yoast_head_json":{"title":"Cadeaux -","robots":{"index":"index","follow":"follow","max-snippet":"max-snippet:-1","max-image-preview":"max-image-preview:large","max-video-preview":"max-video-preview:-1"},"canonical":"https:\/\/site14.monsitecommeunpro.fr\/?page_id=45","og_locale":"fr_FR","og_type":"article","og_title":"Cadeaux -","og_description":"Nous avons une grande nouvelle\u2026 Ici, vous allez pouvoir devenir ce proche qui a toujours les meilleures id\u00e9es cadeaux. Anniversaires, [&hellip;]","og_url":"https:\/\/site14.monsitecommeunpro.fr\/?page_id=45","article_modified_time":"2026-03-23T12:58:07+00:00","og_image":[{"width":626,"height":789,"url":"https:\/\/site14.monsitecommeunpro.fr\/wp-content\/uploads\/2026\/03\/Capture-decran-2026-03-10-082214.png","type":"image\/png"}],"twitter_card":"summary_large_image","twitter_misc":{"Dur\u00e9e de lecture estim\u00e9e":"1 minute"},"schema":{"@context":"https:\/\/schema.org","@graph":[{"@type":"WebPage","@id":"https:\/\/site14.monsitecommeunpro.fr\/?page_id=45","url":"https:\/\/site14.monsitecommeunpro.fr\/?page_id=45","name":"Cadeaux -","isPartOf":{"@id":"https:\/\/site14.monsitecommeunpro.fr\/#website"},"primaryImageOfPage":{"@id":"https:\/\/site14.monsitecommeunpro.fr\/?page_id=45#primaryimage"},"image":{"@id":"https:\/\/site14.monsitecommeunpro.fr\/?page_id=45#primaryimage"},"thumbnailUrl":"https:\/\/site14.monsitecommeunpro.fr\/wp-content\/uploads\/2026\/03\/Capture-decran-2026-03-10-082214.png","datePublished":"2026-03-02T08:46:30+00:00","dateModified":"2026-03-23T12:58:07+00:00","breadcrumb":{"@id":"https:\/\/site14.monsitecommeunpro.fr\/?page_id=45#breadcrumb"},"inLanguage":"fr-FR","potentialAction":[{"@type":"ReadAction","target":["https:\/\/site14.monsitecommeunpro.fr\/?page_id=45"]}]},{"@type":"ImageObject","inLanguage":"fr-FR","@id":"https:\/\/site14.monsitecommeunpro.fr\/?page_id=45#primaryimage","url":"https:\/\/site14.monsitecommeunpro.fr\/wp-content\/uploads\/2026\/03\/Capture-decran-2026-03-10-082214.png","contentUrl":"https:\/\/site14.monsitecommeunpro.fr\/wp-content\/uploads\/2026\/03\/Capture-decran-2026-03-10-082214.png","width":626,"height":789},{"@type":"BreadcrumbList","@id":"https:\/\/site14.monsitecommeunpro.fr\/?page_id=45#breadcrumb","itemListElement":[{"@type":"ListItem","position":1,"name":"Accueil","item":"https:\/\/site14.monsitecommeunpro.fr\/"},{"@type":"ListItem","position":2,"name":"Cadeaux"}]},{"@type":"WebSite","@id":"https:\/\/site14.monsitecommeunpro.fr\/#website","url":"https:\/\/site14.monsitecommeunpro.fr\/","name":"","description":"","potentialAction":[{"@type":"SearchAction","target":{"@type":"EntryPoint","urlTemplate":"https:\/\/site14.monsitecommeunpro.fr\/?s={search_term_string}"},"query-input":{"@type":"PropertyValueSpecification","valueRequired":true,"valueName":"search_term_string"}}],"inLanguage":"fr-FR"}]}},"uagb_featured_image_src":{"full":false,"thumbnail":false,"medium":false,"medium_large":false,"large":false,"1536x1536":false,"2048x2048":false},"uagb_author_info":{"display_name":"admin","author_link":"https:\/\/site14.monsitecommeunpro.fr\/?author=1"},"uagb_comment_info":0,"uagb_excerpt":"Nous avons une grande nouvelle\u2026 Ici, vous allez pouvoir devenir ce proche qui a toujours les meilleures id\u00e9es cadeaux. Anniversaires, [&hellip;]","_links":{"self":[{"href":"https:\/\/site14.monsitecommeunpro.fr\/index.php?rest_route=\/wp\/v2\/pages\/45","targetHints":{"allow":["GET"]}}],"collection":[{"href":"https:\/\/site14.monsitecommeunpro.fr\/index.php?rest_route=\/wp\/v2\/pages"}],"about":[{"href":"https:\/\/site14.monsitecommeunpro.fr\/index.php?rest_route=\/wp\/v2\/types\/page"}],"author":[{"embeddable":true,"href":"https:\/\/site14.monsitecommeunpro.fr\/index.php?rest_route=\/wp\/v2\/users\/1"}],"replies":[{"embeddable":true,"href":"https:\/\/site14.monsitecommeunpro.fr\/index.php?rest_route=%2Fwp%2Fv2%2Fcomments&post=45"}],"version-history":[{"count":3,"href":"https:\/\/site14.monsitecommeunpro.fr\/index.php?rest_route=\/wp\/v2\/pages\/45\/revisions"}],"predecessor-version":[{"id":273,"href":"https:\/\/site14.monsitecommeunpro.fr\/index.php?rest_route=\/wp\/v2\/pages\/45\/revisions\/273"}],"wp:attachment":[{"href":"https:\/\/site14.monsitecommeunpro.fr\/index.php?rest_route=%2Fwp%2Fv2%2Fmedia&parent=45"}],"curies":[{"name":"wp","href":"https:\/\/api.w.org\/{rel}","templated":true}]}}